x - 9. Give m(5).
-4
Let m(d) = -d**2 + 81*d - 448. Give m(6).
2
Let l(m) = -7*m - 3. What is l(-1)?
4
Let d(k) = 49*k**2 + 2*k + 1. What is d(-1)?
48
Let f(z) = z**3 + 8*z**2 - 7*z + 21. Give f(-9).
3
Let b(k) = k**3 - k**2 + 2*k - 1. Calculate b(2).
7
Let q(v) = -v - 19. Give q(-16).
-3
Let f(m) = 2*m + 7. Calculate f(0).
7
Let x(f) = f**2 - 20*f + 14. Give x(16).
-50
Let f(o) = -o**3 - 16*o**2 - 19*o + 56. Determine f(-14).
-70
Let x(g) = g**2 + 9*g + 13. Determine x(-4).
-7
Let q(v) = -2*v**3 + 2*v - 2. Calculate q(1).
-2
Let l(r) = r - 24. Calculate l(10).
-14
Let m(j) = -j + 24. What is m(21)?
3
Let m(o) = -10*o + 4. What is m(-4)?
44
Let l(v) = -v**2 - 2*v + 6. Determine l(-3).
3
Let a(l) = 2*l - 6. What is a(4)?
2
Let n(d) = -2*d**3 - 16*d**2 - 6*d + 24. Calculate n(-8).
72
Let r(q) = -7*q - 21. Give r(-4).
7
Let x(h) = h**3 + 11*h**2 + 9. Determine x(-11).
9
Let w(h) = 96*h - 59. Determine w(1).
37
Let x(r) = -2*r**2 + 21*r - 21. What is x(9)?
6
Let j(z) = 29*z + 16. What is j(4)?
132
Let l(w) = -4*w**3 - w**2 - 6*w - 5. Give l(-1).
4
Let m(y) = -y**2 + y - 3. Determine m(3).
-9
Let r(v) = -v**3 - 11*v**2 - 19*v - 17. What is r(-9)?
-8
Let f(o) = o**3 - 2*o**2 - 4*o + 3. Calculate f(4).
19
Let q(z) = -22*z - 92. Give q(-5).
18
Let m(g) = -g**3 + 5*g**2 + 12. Calculate m(6).
-24
Let w(a) = 2*a**2 + 2*a + 3. Calculate w(-2).
7
Let y(k) = -2*k**2 - 27*k - 19. Determine y(-13).
-6
Let c(t) = -3*t**2 + 16*t + 20. What is c(6)?
8
Let l(d) = d - 30. What is l(-14)?
-44
Let j(f) = -f**3 - 2*f**2 - 7*f - 20. Determine j(-3).
10
Let d(c) = c**3 - 8*c**2 - 7*c - 15. Calculate d(8).
-71
Let n(v) = -v**2 + 4*v + 6. Give n(-5).
-39
Let q(c) = -c**2 + 11*c - 18. Determine q(8).
6
Let d(x) = 2*x - 8. Give d(6).
4
Let t(g) = g**2 + 2*g - 5. Give t(-3).
-2
Let c(y) = -6*y - 3. What is c(-1)?
3
Let n(y) = 2*y**2 - 3. Determine n(2).
5
Let d(r) = -2*r**3 - 15*r**2 - 13*r - 17. Calculate d(-6).
-47
Let h(d) = -d**3 - 10*d**2 + 15*d. Determine h(-11).
-44
Let q(u) = u + 22. What is q(-22)?
0
Let w(z) = -9*z + 175. Give w(20).
-5
Let u(r) = r**3 + 13*r**2 + 8*r + 10. Determine u(-13).
-94
Let l(r) = 2*r**3 - 2*r**2 - 4*r + 13. Give l(0).
13
Let x(k) = -k + 12. What is x(14)?
-2
Let a(i) = -i - 3. Give a(1).
-4
Let b(a) = -12*a + 99. Determine b(8).
3
Let k(u) = u**2 + 12*u + 5. Determine k(-11).
-6
Let f(j) = j**3 - 4*j**2 - 5*j - 3. Give f(5).
-3
Let q(c) = 5*c**3 + 4*c**2 - c - 1. Give q(-1).
-1
Let v(q) = -4*q + 32. Determine v(8).
0
Let l(y) = -2*y**2 - 5*y + 11. What is l(-7)?
-52
Let s(o) = -5*o**3 + o**2. Give s(-1).
6
Let r(i) = -2*i**3 + 10*i**2 + 12*i - 20. Determine r(6).
-20
Let h(g) = -34*g - 573. What is h(-17)?
5
Let i(p) = p**2 - 11*p + 40. What is i(7)?
12
Let c(j) = j**3 - 18*j**2 - 63*j + 25. Calculate c(21).
25
Let v(j) = -2*j**2 - 5*j + 45. What is v(4)?
-7
Let h(n) = n**3 + 5*n**2 + 3. Determine h(-4).
19
Let q(c) = 2*c**2 + 5*c + 2. Determine q(-5).
27
Let g(p) = -p**2 - 10*p + 5. Calculate g(-12).
-19
Let s(n) = 13*n - 23. Calculate s(2).
3
Let o(y) = -7*y + 16. What is o(3)?
-5
Let b(n) = 2*n - 5. Give b(4).
3
Let x(l) = -l**3 - 4*l**2 - 10*l - 4. Give x(-2).
8
Let a(l) = 77*l + 546. Give a(-7).
7
Let x(h) = -2*h - 7. What is x(-2)?
-3
Let m(b) = -b**2 - 4*b + 12. What is m(-6)?
0
Let w(q) = 2*q**2 + 22*q. What is w(-9)?
-36
Let h(b) = b**3 + 9*b**2 - 2*b - 11. What is h(-9)?
7
Let a(d) = 3*d**2 - 4*d - 9. Calculate a(7).
110
Let o(q) = -q + 8. What is o(6)?
2
Let h(z) = 2*z + 13. Determine h(6).
25
Let r(o) = 3*o + 99. What is r(-34)?
-3
Let g(i) = 3*i - 8. Determine g(8).
16
Let j(d) = -d**3 - 6*d**2 - 5*d - 2. Give j(-5).
-2
Let j(l) = -2*l - 4. What is j(-4)?
4
Let d(u) = -u - 15. Calculate d(-11).
-4
Let s(r) = -r - 41. Give s(13).
-54
Let p(r) = -r**3 - 12*r**2 - 37*r - 12. Determine p(-6).
-6
Let h(b) = b**3 - 12*b**2 - 11*b - 15. Calculate h(13).
11
Let z(q) = q**3 - 5*q**2 - 7*q + 3. Calculate z(7).
52
Let k(a) = -a + 39. Determine k(-19).
58
Let i(m) = 3*m**3 + 3*m - 4. Determine i(3).
86
Let q(w) = w**3 - 10*w**2 + 10*w - 21. Give q(10).
79
Let k(z) = 10*z**3 - z**2 - z + 2. Determine k(1).
10
Let l(b) = -b**2 + 12*b + 76. Give l(23).
-177
Let b(t) = 17*t + 418. Give b(-24).
10
Let f(a) = a**3 + 6*a**2 - 8*a - 4. Determine f(-6).
44
Let r(i) = -i**2 + 67*i - 472. Give r(8).
0
Let d(x) = -120*x + 251. Calculate d(2).
11
Let f(o) = 12*o**2 - 70*o - 1. What is f(6)?
11
Let p(v) = 20*v**2 - 3*v - 3. Calculate p(-1).
20
Let f(m) = m + 3. Determine f(-1).
2
Let u(n) = n - 49. Determine u(0).
-49
Let f(z) = 4*z**3 - 2*z**2 - z. Determine f(-1).
-5
Let s(j) = 2*j - 2. What is s(3)?
4
Let s(v) = 2*v - 68. Calculate s(33).
-2
Let h(v) = 6*v - 21. Give h(5).
9
Let n(v) = v**2 + 5*v + 9. What is n(-4)?
5
Let i(l) = l**3 - 17*l**2 + 15*l + 6. Determine i(16).
-10
Let o(q) = 10*q**2 - 2*q - 1. What is o(2)?
35
Let p(c) = -4*c - 1. Give p(1).
-5
Let l(u) = 22*u - 222. Determine l(8).
-46
Let i(p) = -p**3 - 4*p**2 - 5*p - 4. What is i(-3)?
2
Let i(j) = -9*j**3 - 3*j**2 + 2*j. Calculate i(2).
-80
Let u(b) = -b**2 + 11*b. Calculate u(6).
30
Let p(q) = 5*q**2 + 6*q - 2. What is p(-1)?
-3
Let r(o) = -o**2 + 3*o - 1. What is r(0)?
-1
Let l(r) = -r**2 + 6*r - 5. Calculate l(2).
3
Let h(i) = -i**3 + i**2 + 2*i + 4. Give h(3).
-8
Let a(g) = -2*g**3 + 58*g**2 - 60*g + 111. What is a(28)?
-1
Let o(g) = g**2 - 16*g + 60. Give o(7).
-3
Let p(s) = -2*s**2 + 23*s + 35. Determine p(13).
-4
Let m(v) = -v**2 + 43*v + 79. Calculate m(45).
-11
Let w(x) = -x**3 + 3*x**2 - x + 8. Determine w(3).
5
Let t(r) = 19*r + 55. What is t(-3)?
-2
Let x(d) = -d**3 - 10*d**2 - 10*d + 13. What is x(-9)?
22
Let s(m) = -16*m**3 - m**2. Give s(1).
-17
Let h(o) = 3*o**3 + 5*o**2 + 4*o. Calculate h(-3).
-48
Let d(a) = 14*a + 12. Give d(7).
110
Let m(v) = v - 29. Calculate m(0).
-29
Let t(h) = 24*h - 14. What is t(1)?
10
Let z(h) = -3*h - 11. Calculate z(-12).
25
Let p(i) = -i**3 + 32*i + 7. Calculate p(6).
-17
Let x(w) = -w**2 - 6*w - 11. Calculate x(-5).
-6
Let i(n) = n**3 - 10*n**2 + 2*n - 3. Give i(10).
17
Let i(m) = 3*m**2 + 15*m - 1. Determine i(-5).
-1
Let k(j) = -j**3 - 6*j**2 + 7*j + 3. Determine k(-5).
-57
Let o(z) = -12*z + 116. Calculate o(12).
-28
Let s(x) = x**3 - 15*x**2 - 17*x + 18. Calculate s(16).
2
Let t(k) = k. What is t(-1)?
-1
Let b(t) = -4*t**3 - 2*t**2 + 1. What is b(-1)?
3
Let a(p) = -5*p - 179. What is a(-34)?
-9
Let d(h) = 3*h**2 + 9*h - 3. What is d(-4)?
9
Let w(x) = -2*x**3 + 3*x**2 - 3*x + 1. Determine w(3).
-35
Let z(n) = -6*n + 4. Determine z(0).
4
Let l(h) = 2*h**2 + 2*h. Calculate l(-3).
12
Let y(k) = -2*k**2 - 7*k - 8. Give y(-1).
-3
Let y(z) = 23*z + 24. What is y(-2)?
-22
Let b(k) = k**3 + 10*k**2 - 14*k - 15. Calculate b(-11).
18
Let k(i) = -i**2 + 20*i - 18. Calculate k(20).
-18
Let t(m) = 2*m + 69. Calculate t(-37).
-5
Let g(l) = l**3 - 18*l**2 - l + 19. Determine g(18).
1
Let x(f) = -4*f + 69. Determine x(16).
5
Let n(j) = -j - 6. Calculate n(6).
-12
Let s(m) = -3*m**3 + m**2 - m. Give s(1).
-3
Let m(b) = -2*b**2 - 24*b + 13. Calculate m(-13).
-13
Let y(p) = -29*p - 1. What is y(-1)?
28
Let i(g) = g**2 - 31. Determine i(5).
-6
Let i(z) = -z**2 - 9*z - 6. Determine i(-5).
14
Let o(c) = -11*c - 70. Give o(-7).
7
Let u(h) = -117*h + 455. What is u(4)?
-13
Let w(r) = 6*r + 75. Determine w(-14).
-9
Let v(h) = -40*h + 4. What is v(-1)?
44
Let o(u) = -4*u - 4. Calculate o(6).
-28
Let w(r) = r**3 + 6*r**2 + 9*r + 10. What is w(-4)?
6
Let d(p) = -p**3 - 3*p**2 + 5*p - 11. Determine d(-5).
14
Let m(u) = -4*u**2 - 2*u + 1. Calculate m(1).
-5
Let l(j) = 5*j - 3. Calculate l(-6).
-33
Let b(g) = -g**3 + 15*g**2 - 18*g + 62. Give b(14).
6
Let d(s) = s + 6. Determine d(8).
14
Let i(r) = -r**2 - 2*r + 10. Give i(-5).
-5
Let g(o) = -o**2 + 12*o + 929. Calculate g(-25).
4
Let t(f) = f + 15. Give t(-14).
1
Let g(p) = 4*p**2 + 4*p - 14. What is g(4)?
66
Let i(q) = 31*q + 29. Calculate i(-2).
-33
Let k(c) = c**3 + c**2 - c - 4. Calculate k(0).
-4
Let r(h) = -9*h + 1. Calculate r(-1).
10
Let r(s) = -s**2 + 16*s - 9. Calculate r(14).
19
Let v(z) = -2*z + 2. What is v(-1)?
4
Let i(o) = -o**3 - 13*o**2 + 13*o - 14. Calculate i(-14).
0
Let b(a) = -4*a + 5. Calculate b(-6).
29
Let d(t) = -t**2 - 4*t + 6. Determine d(-6).
-6
Let n(o) = -o**2 + 9*o - 21. Determ